digit of 44417?
4
What is the units digit of 3616?
6
What is the units digit of 1953?
3
What is the tens digit of 5637?
3
What is the tens digit of 8427?
2
What is the ten thousands digit of 58359?
5
What is the units digit of 5987?
7
What is the thousands digit of 75950?
5
What is the units digit of 985?
5
What is the tens digit of 302?
0
What is the tens digit of 52808?
0
What is the thousands digit of 34909?
4
What is the hundreds digit of 613?
6
What is the tens digit of 47859?
5
What is the hundreds digit of 18887?
8
What is the tens digit of 56345?
4
What is the hundreds digit of 849?
8
What is the ten thousands digit of 10991?
1
What is the ten thousands digit of 42262?
4
What is the ten thousands digit of 10482?
1
What is the thousands digit of 125112?
5
What is the tens digit of 1721?
2
What is the thousands digit of 13552?
3
What is the units digit of 70657?
7
What is the ten thousands digit of 14331?
1
What is the hundreds digit of 512?
5
What is the hundreds digit of 267?
2
What is the hundreds digit of 1924?
9
What is the units digit of 2610?
0
What is the tens digit of 1287?
8
What is the hundred thousands digit of 142367?
1
What is the hundreds digit of 539?
5
What is the units digit of 15661?
1
What is the thousands digit of 3954?
3
What is the thousands digit of 2251?
2
What is the units digit of 3037?
7
What is the ten thousands digit of 64482?
6
What is the units digit of 11253?
3
What is the units digit of 8433?
3
What is the tens digit of 10860?
6
What is the tens digit of 4003?
0
What is the hundreds digit of 5570?
5
What is the hundreds digit of 19742?
7
What is the hundreds digit of 312?
3
What is the thousands digit of 1323?
1
What is the tens digit of 19630?
3
What is the tens digit of 5496?
9
What is the ten thousands digit of 23761?
2
What is the ten thousands digit of 26827?
2
What is the thousands digit of 95700?
5
What is the hundreds digit of 3370?
3
What is the units digit of 6578?
8
What is the ten thousands digit of 152845?
5
What is the units digit of 871?
1
What is the units digit of 234?
4
What is the units digit of 2746?
6
What is the hundreds digit of 2760?
7
What is the tens digit of 10972?
7
What is the tens digit of 12707?
0
What is the thousands digit of 8006?
8
What is the units digit of 54?
4
What is the tens digit of 1069?
6
What is the units digit of 35854?
4
What is the units digit of 47670?
0
What is the thousands digit of 23045?
3
What is the tens digit of 869?
6
What is the hundreds digit of 9465?
4
What is the hundreds digit of 32829?
8
What is the tens digit of 51197?
9
What is the units digit of 2045?
5
What is the units digit of 2328?
8
What is the hundreds digit of 2094?
0
What is the hundreds digit of 9066?
0
What is the units digit of 6652?
2
What is the tens digit of 13762?
6
What is the thousands digit of 6999?
6
What is the hundreds digit of 4236?
2
What is the tens digit of 24039?
3
What is the tens digit of 67974?
7
What is the tens digit of 4409?
0
What is the tens digit of 4098?
9
What is the hundreds digit of 710?
7
What is the ten thousands digit of 15548?
1
What is the units digit of 1669?
9
What is the thousands digit of 5962?
5
What is the units digit of 4744?
4
What is the hundreds digit of 3466?
4
What is the hundreds digit of 4969?
9
What is the thousands digit of 13595?
3
What is the units digit of 3765?
5
What is the tens digit of 1717?
1
What is the ten thousands digit of 12492?
1
What is the units digit of 5564?
4
What is the thousands digit of 13129?
3
What is the units digit of 18994?
4
What is the tens digit of 883?
8
What is the hundreds digit of 353?
3
What is the thousands digit of 26433?
6
What is the thousands digit of 4343?
4
What is the hundreds digit of 15271?
2
What is the thousands digit of 2178?
2
What is the tens digit of 21260?
6
What is the units digit of 4654?
4
What is the thousands digit of 1262?
1
What is the units digit of 12344?
4
What is the ten thousands digit of 26617?
2
What is the hundreds digit of 7860?
8
What is the units digit of 1278?
8
What is the tens digit of 36?
3
What is the units digit of 1188?
8
What is the ten thousands digit of 10866?
1
What is the tens digit of 477?
7
What is the thousands digit of 38939?
8
What is the tens digit of 15021?
2
What is the hundreds digit of 16345?
3
What is the hundreds digit of 2314?
3
What is the ten thousands digit of 24818?
2
What is the units digit of 19559?
9
What is the units digit of 103315?
5
What is the units digit of 313?
3
What is the thousands digit of 1086?
1
What is the thousands digit of 27269?
7
What is the units digit of 311?
1
What is the units digit of 4063?
3
What is the hundreds digit of 797?
7
What is the units digit of 2550?
0
What is the units digit of 1163?
3
What is the units digit of 1546?
6
What is the tens digit of 71065?
6
What is the units digit of 3394?
4
What is the units digit of 629?
9
What is the units digit of 742?
2
What is the hundreds digit of 717?
7
What is the units digit of 3494?
4
What is the hundreds digit of 4770?
7
What is the tens digit of 20437?
3
What is the thousands digit of 17427?
7
What is the tens digit of 40151?
5
What is the ten thousands digit of 40177?
4
What is the units digit of 4429?
9
What is the tens digit of 569?
6
What is the units digit of 105?
5
What is the hundreds digit of 287?
2
What is the thousands digit of 7549?
7
What is the thousands digit of 48974?
8
What is the tens digit of 6581?
8
What is the ten thousands digit of 36720?
3
What is the tens digit of 156897?
9
What is the hundreds digit of 2323?
3
What is the tens digit of 73684?
8
What is the thousands digit of 3593?
3
What is the tens digit of 2140?
4
What is the hundreds digit of 128?
1
What is the hundreds digit of 13724?
7
What is the units digit of 326?
6
What is the hundreds digit of 3138?
1
What is the units digit of 15630?
0
What is the thousands digit of 2482?
2
What is the thousands digit of 2401?
2
What is the thousands digit of 5452?
5
What is the units digit of 18469?
9
What is the hundreds digit of 314?
3
What is the hundreds digit of 94789?
7
What is the units digit of 445?
5
What is the hundreds digit of 4159?
1
What is the tens digit of 101383?
8
What is the hundreds digit of 95943?
9
What is the ten thousands digit of 95124?
9
What is the hundreds digit of 1366?
3
What is the ten thousands digit of 11475?
1
What is the units digit of 34593?
3
What is the ten thousands digit of 11135?
1
What is the units digit of 112379?
9
What is the tens digit of 61607?
0
What is the hundreds digit of 510?
5
What is the thousands digit of 2287?
2
What is the ten thousands digit of 12665?
1
What is the tens digit of 4591?
9
What is the thousands digit of 22584?
2
What is the ten thousands digit of 115623?
1
What is the units digit of 31?
1
What is the units digit of 9479?
9
What is the tens digit of 12754?
5
What is the units digit of 14192?
2
What is the hundreds digit of 65959?
9
What is the hundreds digit of 8838?
8
What is the ten thousands digit of 24915?
2
What is the tens digit of 820?
2
What is the thousands digit of 47766?
7
What is the thousands digit of 129918?
9
What is the thousands digit of 28849?
8
What is the units digit of 63084?
4
What is the ten thousands digit of 44001?
4
What is the units digit of 5978?
8
What is the thousands digit of 143664?
3
What is the units digit of 1168?
8
What is the tens digit of 17495?
9
What is the thousands digit of 5559?
5
What is the tens digit of 18099?
9
What is the tens digit of 80225?
2
What is the tens digit of 1673?
7
What is the units digit of 461?
1
What is the units digit of 12287?
7
What is the ten thousands digit of 90785?
9
What is the units digit of 440?
0
What is the hundreds digit of 438?
4
What is the units digit of 5784?
4
What is the thousands digit of 50485?
0
What is the tens digit of 2159?
5
What is the hundreds digit of 1327?
3
What is the tens digit of 1299?
9
What is the tens digit of 3585?
8
What is the thousands digit of 8327?
8
What is the units digit of 99374?
4
What is the hundreds digit of 1846?
8
What is the units digit of 148?
8
What is the tens digit of 5145?
4
What is the tens digit of 1150?
5
What is the thousands digit of 3574?
3
What is the hundreds digit of 215?
2
What is